{"id":257,"date":"2024-10-18T20:21:38","date_gmt":"2024-10-18T20:21:38","guid":{"rendered":"https:\/\/apvalor.com\/?page_id=257"},"modified":"2024-10-19T03:34:56","modified_gmt":"2024-10-19T03:34:56","slug":"cumplimiento-e-informacion","status":"publish","type":"page","link":"https:\/\/apvalor.com\/index.php\/cumplimiento-e-informacion\/","title":{"rendered":"Cumplimiento e informaci\u00f3n"},"content":{"rendered":"\t\t<div data-elementor-type=\"wp-page\" data-elementor-id=\"257\" class=\"elementor elementor-257\">\n\t\t\t\t<div class=\"elementor-element elementor-element-b8b879b e-flex e-con-boxed e-con e-parent\" data-id=\"b8b879b\" data-element_type=\"container\">\n\t\t\t\t\t<div class=\"e-con-inner\">\n\t\t\t\t<div class=\"elementor-element elementor-element-bb2f988 elementor-widget elementor-widget-image\" data-id=\"bb2f988\" data-element_type=\"widget\" data-widget_type=\"image.default\">\n\t\t\t\t<div class=\"elementor-widget-container\">\n\t\t\t\t\t\t\t\t\t\t\t\t\t\t\t<img decoding=\"async\" src=\"https:\/\/apvalor.com\/wp-content\/uploads\/2024\/10\/elementor\/thumbs\/Cumplimiento-e-informacion-qvrb0niwf32wu9eqals4dymqs72nhco29fysn94308.jpg\" title=\"Cumplimiento-e-informaci\u00f3n\" alt=\"Cumplimiento-e-informaci\u00f3n\" loading=\"lazy\" \/>\t\t\t\t\t\t\t\t\t\t\t\t\t\t\t<\/div>\n\t\t\t\t<\/div>\n\t\t\t\t\t<\/div>\n\t\t\t\t<\/div>\n\t\t<div class=\"elementor-element elementor-element-a74255f e-flex e-con-boxed e-con e-parent\" data-id=\"a74255f\" data-element_type=\"container\">\n\t\t\t\t\t<div class=\"e-con-inner\">\n\t\t\t\t<div class=\"elementor-element elementor-element-5591173 elementor-widget elementor-widget-text-editor\" data-id=\"5591173\" data-element_type=\"widget\" data-widget_type=\"text-editor.default\">\n\t\t\t\t<div class=\"elementor-widget-container\">\n\t\t\t\t\t\t\t\t\t<h1>Cumplimiento<\/h1><p><span style=\"color: #0a4236;\"><strong>Asegura que tu empresa cumpla con las normativas locales y nacionales.<\/strong><\/span><\/p><p><span style=\"color: #353434;\">El servicio de <strong><span style=\"color: #0a4236;\">Cumplimiento<\/span><\/strong> de <span style=\"color: #0a4236;\"><strong>AP Valor<\/strong><\/span> est\u00e1 dise\u00f1ado para que tu empresa cumpla con todas las regulaciones y requisitos legales, evitando posibles sanciones y problemas futuros. Nos encargamos de todos los aspectos normativos, para que puedas concentrarte en lo que mejor haces: <strong><span style=\"color: #0a4236;\">hacer crecer tu negocio.<\/span><\/strong><\/span><\/p><h4><span style=\"color: #353434;\">\u00bfEn qu\u00e9 podemos ayudarte?<\/span><\/h4><ul><li><span style=\"color: #353434;\"><span style=\"color: #0a4236;\"><strong>Declaraci\u00f3n de Residuos S\u00f3lidos:<\/strong><\/span> Gestionamos la presentaci\u00f3n de los informes sobre la correcta disposici\u00f3n de residuos ante las autoridades, garantizando el cumplimiento de las normativas medioambientales vigentes.<\/span><\/li><li><span style=\"color: #353434;\"><span style=\"color: #0a4236;\"><strong>Declaraci\u00f3n de Insumos Fiscalizados:<\/strong><\/span> Asesoramos y tramitamos las declaraciones necesarias ante las entidades regulatorias para insumos controlados, asegurando que tu empresa opere dentro del marco legal establecido.<\/span><\/li><\/ul><p><span style=\"color: #353434;\">\u00bf<strong>Qu\u00e9 beneficios te ofrecemos?<\/strong><\/span><\/p><ul><li><span style=\"color: #353434;\"><strong><span style=\"color: #0a4236;\">Cumple con la normativa<\/span><\/strong> medioambiental y de insumos.<\/span><\/li><li><span style=\"color: #353434;\"><strong><span style=\"color: #0a4236;\">Evita sanciones<\/span><\/strong> y problemas legales.<\/span><\/li><li><span style=\"color: #353434;\"><strong><span style=\"color: #0a4236;\">Gesti\u00f3n r\u00e1pida<\/span><\/strong> y sin complicaciones.<\/span><\/li><\/ul>\t\t\t\t\t\t\t\t<\/div>\n\t\t\t\t<\/div>\n\t\t\t\t\t<\/div>\n\t\t\t\t<\/div>\n\t\t<div class=\"elementor-element elementor-element-84fb6dd e-flex e-con-boxed e-con e-parent\" data-id=\"84fb6dd\" data-element_type=\"container\">\n\t\t\t\t\t<div class=\"e-con-inner\">\n\t\t\t\t<div class=\"elementor-element elementor-element-ed7347b elementor-widget elementor-widget-text-editor\" data-id=\"ed7347b\" data-element_type=\"widget\" data-widget_type=\"text-editor.default\">\n\t\t\t\t<div class=\"elementor-widget-container\">\n\t\t\t\t\t\t\t\t\t<h1>Informaci\u00f3n<\/h1><p><span style=\"color: #0a4236;\"><strong>Accede a la informaci\u00f3n precisa que necesitas para gestionar tus propiedades.<\/strong><\/span><\/p><p><span style=\"color: #353434;\">El servicio de <span style=\"color: #0a4236;\"><strong>Informaci\u00f3n<\/strong><\/span> de <span style=\"color: #0a4236;\"><strong>AP Valor<\/strong><\/span> te permite acceder de manera r\u00e1pida y precisa a la documentaci\u00f3n y datos clave sobre tus negocios y propiedades. Ya sea que necesites verificar la propiedad de un terreno o realizar b\u00fasquedas catastrales, nosotros nos encargamos de conseguir la informaci\u00f3n que necesitas de forma confiable.<\/span><\/p><h4><span style=\"color: #353434;\">\u00bfQu\u00e9 te ofrecemos?<\/span><\/h4><ul><li><span style=\"color: #353434;\"><span style=\"color: #0a4236;\"><strong>B\u00fasqueda Catastral en SUNARP:<\/strong><\/span> Realizamos b\u00fasquedas catastrales en la Superintendencia Nacional de los Registros P\u00fablicos (<strong>SUNARP<\/strong>) para verificar la titularidad y situaci\u00f3n legal de propiedades y terrenos.<\/span><\/li><li><span style=\"color: #353434;\"><span style=\"color: #0a4236;\"><strong>B\u00fasqueda Catastral en SBN:<\/strong><\/span> Facilitamos la b\u00fasqueda catastral en la Superintendencia Nacional de Bienes Estatales (<strong>SBN<\/strong>) para terrenos y bienes estatales.<\/span><\/li><\/ul><h4><span style=\"color: #353434;\">\u00bfPor qu\u00e9 trabajar con Aporta Valor?<\/span><\/h4><ul><li><span style=\"color: #353434;\"><strong><span style=\"color: #0a4236;\">R\u00e1pido acceso<\/span><\/strong> a informaci\u00f3n actualizada y precisa sobre inmuebles.<\/span><\/li><li><span style=\"color: #353434;\"><strong><span style=\"color: #0a4236;\">Verificaci\u00f3n legal<\/span><\/strong> de propiedades para evitar problemas futuros.<\/span><\/li><li><strong><span style=\"caret-color: #353434;\"><span style=\"color: #353434;\">T<\/span><\/span><\/strong><span style=\"color: #0a4236;\">oma de decisiones informadas<\/span><span style=\"color: #353434;\"> en proyectos inmobiliarios con la informaci\u00f3n obtenida.<\/span><\/li><\/ul>\t\t\t\t\t\t\t\t<\/div>\n\t\t\t\t<\/div>\n\t\t\t\t\t<\/div>\n\t\t\t\t<\/div>\n\t\t<div class=\"elementor-element elementor-element-a973a21 e-flex e-con-boxed e-con e-parent\" data-id=\"a973a21\" data-element_type=\"container\">\n\t\t\t\t\t<div class=\"e-con-inner\">\n\t\t\t\t<div class=\"elementor-element elementor-element-95b8380 elementor-align-center elementor-widget elementor-widget-button\" data-id=\"95b8380\" data-element_type=\"widget\" data-widget_type=\"button.default\">\n\t\t\t\t<div class=\"elementor-widget-container\">\n\t\t\t\t\t\t\t\t\t<div class=\"elementor-button-wrapper\">\n\t\t\t\t\t<a class=\"elementor-button elementor-button-link elementor-size-sm\" href=\"https:\/\/apvalor.com\/index.php\/contacto\/\" id=\"Cont\u00e1ctanos\">\n\t\t\t\t\t\t<span class=\"elementor-button-content-wrapper\">\n\t\t\t\t\t\t\t\t\t<span class=\"elementor-button-text\">Cont\u00e1ctanos<\/span>\n\t\t\t\t\t<\/span>\n\t\t\t\t\t<\/a>\n\t\t\t\t<\/div>\n\t\t\t\t\t\t\t\t<\/div>\n\t\t\t\t<\/div>\n\t\t\t\t\t<\/div>\n\t\t\t\t<\/div>\n\t\t\t\t<\/div>\n\t\t","protected":false},"excerpt":{"rendered":"<p>Cumplimiento Asegura que tu empresa cumpla con las normativas locales y nacionales. El servicio de Cumplimiento de AP Valor est\u00e1 dise\u00f1ado para que tu empresa cumpla con todas las regulaciones y requisitos legales, evitando posibles sanciones y problemas futuros. Nos encargamos de todos los aspectos normativos, para que puedas concentrarte en lo que mejor haces: &hellip; <\/p>\n<p class=\"link-more\"><a href=\"https:\/\/apvalor.com\/index.php\/cumplimiento-e-informacion\/\" class=\"more-link\">Read more<span class=\"screen-reader-text\"> \u00abCumplimiento e informaci\u00f3n\u00bb<\/span><\/a><\/p>\n","protected":false},"author":1,"featured_media":0,"parent":0,"menu_order":0,"comment_status":"closed","ping_status":"closed","template":"","meta":{"footnotes":""},"class_list":["post-257","page","type-page","status-publish","hentry"],"_links":{"self":[{"href":"https:\/\/apvalor.com\/index.php\/wp-json\/wp\/v2\/pages\/257","targetHints":{"allow":["GET"]}}],"collection":[{"href":"https:\/\/apvalor.com\/index.php\/wp-json\/wp\/v2\/pages"}],"about":[{"href":"https:\/\/apvalor.com\/index.php\/wp-json\/wp\/v2\/types\/page"}],"author":[{"embeddable":true,"href":"https:\/\/apvalor.com\/index.php\/wp-json\/wp\/v2\/users\/1"}],"replies":[{"embeddable":true,"href":"https:\/\/apvalor.com\/index.php\/wp-json\/wp\/v2\/comments?post=257"}],"version-history":[{"count":27,"href":"https:\/\/apvalor.com\/index.php\/wp-json\/wp\/v2\/pages\/257\/revisions"}],"predecessor-version":[{"id":391,"href":"https:\/\/apvalor.com\/index.php\/wp-json\/wp\/v2\/pages\/257\/revisions\/391"}],"wp:attachment":[{"href":"https:\/\/apvalor.com\/index.php\/wp-json\/wp\/v2\/media?parent=257"}],"curies":[{"name":"wp","href":"https:\/\/api.w.org\/{rel}","templated":true}]}}